 a = -5 + -1. What is z(a)?
1
Suppose -4*q - 3102 = -3086. Let r(i) = i**3 + 4*i**2 + 4*i + 9. Give r(q).
-7
Let v(t) = -t**3 - 11*t**2 - 9. Let h(r) = 2*r**2 + 58*r - 11. Let m be h(-29). What is v(m)?
-9
Let t(z) = -z - 4. Let d(u) = u + 8. Let p(i) = -2*d(i) - 3*t(i). Suppose -11 = 2*l + 3. Calculate p(l).
-11
Suppose -10*l + 288 = -l. Let r(f) = -1 - 18*f - 4 - 15*f + l*f. Determine r(4).
-9
Let c(w) = w**2 - 4*w + 6. Suppose -17 = -2*s - 5. Let p be 11 - 1 - (s + -6). Let l(h) = h**2 - 10*h + 5. Let r be l(p). Calculate c(r).
11
Let k(x) = 2*x - 3. Let g be k(3). Let l(w) = -3*w + g + 3*w - w. Suppose -5*z - 17 = -47. Calculate l(z).
-3
Let a(z) = 13 - 4*z - 18 + 3*z + 18. Let s(u) = u - 20. Let w(m) = 8*a(m) + 5*s(m). What is w(-6)?
22
Let c = -1 - -3. Suppose 3*r + 4*j - 13 = 13, 16 = -c*r + 4*j. Let w(a) = -1 + 5*a**r + 8*a**2 + 13*a**3 + 2*a**3 - 12*a**2. What is w(1)?
15
Let d be (-8)/(-20) - (-86)/10. Let o(u) = -4*u - 2 + d*u - 4*u. Let p be (-3)/(-6) - (1 - 36/8). Give o(p).
2
Suppose 8 = p - 0*p. Let j(u) = -7*u - 80. Let q(n) = 20*n + 225. Let f(z) = -17*j(z) - 6*q(z). Give f(p).
2
Let i(x) = -79*x - 313. Let y be i(-4). Let c(z) be the third derivative of z**5/30 - z**4/8 + z**3/2 - z**2. Calculate c(y).
12
Let z(y) = -19*y**2 - 6 + 7*y**2 - y**3 - 12*y + 1. Give z(-11).
6
Let w(s) = 2*s**2 + 22*s - 15. Let m(y) = -49*y + 184. Let c be m(4). Calculate w(c).
9
Let l be 2 + 4/(-8) + (-30)/4. Let i(d) = 0*d**2 - 2 + 6*d + d**2 - 3. Let m be i(l). Let p(j) = j**2 + 7*j + 6. Calculate p(m).
-4
Let t = 24 + -21. Suppose 20 = 2*x + t*x + 5*u, 3*x = 4*u - 9. Let w(c) = x + 99*c - c**2 - 8*c**3 - 99*c. What is w(-1)?
8
Let t(a) = 18*a - 4. Suppose -27*n = -30*n - 3*r - 3, 0 = -5*r - 15. Give t(n).
32
Suppose 0 = -0*o + o + x - 27, 4*o - 153 = 5*x. Suppose 11*s - 7*s - o = 0. Let q(y) = y**2 - 9*y + 3. Give q(s).
-5
Suppose -3*t + 44 = 4*k, 2*k + 26*t - 4 = 29*t. Let c(f) = f + 8*f**2 - f**3 + 3 - 2 - 7. Determine c(k).
2
Let h(a) = 3*a. Let f(x) = -x - 3. Let m be f(-2). What is h(m)?
-3
Suppose -3*o = -0*o - 12. Suppose -x = x + 3*p + 2, 0 = o*x - 4*p - 16. Suppose -7*l + 3*z + 17 = -x*l, 0 = 4*l - 5*z - 24. Let g(h) = h + 1. Determine g(l).
2
Let z(y) be the first derivative of y**4/4 + 14*y**3/3 + y**2/2 + 12*y - 76. Calculate z(-14).
-2
Suppose 5*c - x = 10, 5*c + 3*x - 1 - 9 = 0. Let z(u) = u - 4. Let l be z(6). Let p(i) = -l*i**2 + i**3 + 2*i + 8*i**2 - c*i**2 + i**2 - 1. Determine p(-2).
7
Suppose -383*c = -377*c. Let v(q) = q**3 - q**2 - 2*q + 5. Give v(c).
5
Let v(u) = u**3 - 13*u**2 + u - 6. Suppose -41 = -3*w - 3*i + 4*i, 5*w + 2*i = 61. Give v(w).
7
Suppose -4*g + 0*g - 2*i + 6 = 0, 12 = -g - 5*i. Suppose -g*q + 0 = -18. Let r(m) be the first derivative of -m**2/2 - 5*m + 81. Determine r(q).
-11
Let n(p) = -p**3 + p**2 + p - 3. Let q(g) = -3*g**2 - 24*g - 45. Let m be q(-5). Calculate n(m).
-3
Let i(s) = -3*s + 9. Let z be i(2). Let c(j) = 0*j**3 - z - 4*j**3 + 5*j**3 - 2*j**3 - 2*j**2. Give c(-3).
6
Suppose -19 = -3*b + 5*n, -3*n - 4 = 2. Let i(l) = -2*l - 3. Let s(o) = o - 1. Let p(t) = b*s(t) + i(t). Determine p(6).
0
Let b(m) = -16 - 63*m + 15 + 62*m. What is b(4)?
-5
Let m(c) = 9*c**3 + 2*c**2 + 2*c + 1. Let w(o) = -o**2 + 9 + 72*o - 40*o - 41*o. Let l be w(-10). Determine m(l).
-8
Let p(g) = -g**2 - 3*g + 1. Suppose 3*o - 512 = -506. Calculate p(o).
-9
Let c(z) = z - 5. Let d = 27 + -23. Let i be d/(-8)*1*-12. Calculate c(i).
1
Suppose 2*t + 18 = -0. Let f be (-7)/((-42)/9)*(-42)/t. Let l(b) = b**2 - 5*b - 6. Determine l(f).
8
Let k be 2*2 + (-8 - -6 - 0). Let d(o) = -10*o**2 + 8 - 11 + k*o + 9*o**2. What is d(2)?
-3
Suppose 1220*o + 4 = 1222*o. Let p(i) = 4*i**2 - i - 4. What is p(o)?
10
Let r = -14 + 9. Let u(y) = -169*y + 85*y + 87*y + y**2 - 3. Give u(r).
7
Let b(s) = s - 1. Suppose 2*o = -3*m + 4*m + 3, 0 = 4*m - 5*o - 3. Let p(z) be the third derivative of z**4/24 - z**3/3 - 2*z**2. Let x be p(m). Determine b(x).
4
Let o(q) be the first derivative of q**5/20 - 7*q**4/12 + 4*q**2 + 13*q - 19. Let w(h) be the first derivative of o(h). Calculate w(7).
8
Let q(y) be the second derivative of y**3/3 + y**2/2 + 5*y - 24. Let f = -1 - 0. Calculate q(f).
-1
Let i(t) = 20*t + 16. Let m(c) = 4*c + 3. Let r(z) = -2*i(z) + 11*m(z). Let l(u) = -4*u + 71. Let f be l(18). Determine r(f).
-3
Let d(i) = -13*i**3 + 2*i**2 + 8*i - 2. Let z(m) = 3*m**3 - m + 1. Let l(u) = d(u) + 4*z(u). Give l(4).
-14
Let w(f) = 16*f - 6. Let j(s) = -3*s. Let b(r) = -5*j(r) - w(r). Calculate b(8).
-2
Let x(h) = 9*h - 14*h + 2*h. Let y = 129 + -133. What is x(y)?
12
Let a(m) = -m + 25. Let i be a(19). Suppose -i = -y - 11. Let h(d) = -d**2 - 7*d - 6. Determine h(y).
4
Let q(a) = -a**2 - 5*a. Let i(n) = -2*n**2 - 8*n + 1. Let w(j) = 3*i(j) - 5*q(j). Calculate w(-3).
-9
Let x(t) = 6*t - 1. Suppose 19 = -4*l - 5*w - 3, l + 7 = -2*w. Let z = -5 + l. Let b be 14/z - (-7)/(-28). What is x(b)?
-13
Let l(t) = -5 + 2 + 0 + 2 - 20*t**3 + 2*t**2. Let b = -726 + 725. Give l(b).
21
Let b(u) = 1355 + 2*u - 1323 - u. Give b(13).
45
Let k be -64 - (2/(-12) + (-6)/(-36)). Let m = -69 - k. Let j(f) = f**2 + 2*f - 6. Calculate j(m).
9
Let h(a) = 2*a**3 + 9*a**2 - 3*a - 3. Let c(y) = y**3 + 8*y**2 - 4*y - 3. Let o(i) = -3*c(i) + 2*h(i). Give o(5).
8
Suppose -5*d + 4 + 6 = 0. Let y(o) = -59*o + 57*o - 2 - 1 + d. Determine y(-5).
9
Let c(r) = 3*r - 4. Let z(f) = -2*f**2 + 2*f + 11. Let j be z(0). Suppose 2*h + 3*h = 2*y + 30, -y = 4*h - j. Calculate c(h).
8
Let k(x) = -15*x + 33*x - 15*x + 7*x**2 - 13*x**2 + 4 - x**3. Calculate k(-6).
-14
Let y = -726 + 726. Let h(a) = -a**3 - a + 4. Determine h(y).
4
Let n(p) = p - 27. Let z be n(28). Let c(m) = -7*m**2 + 7*m + 8*m**2 + 1 + z + 4. Give c(-5).
-4
Let f be ((-90)/8)/((-12)/32). Suppose 0*t - 2*t - 4*i = -f, -2*i + 10 = 0. Let a(c) = c + 2*c + c**2 - 6*c - c. What is a(t)?
5
Suppose f - 10 = -3. Let c(s) = 9*s**3 + 5*s**2 - 7*s + 14. Let i(g) = 2*g**3 + 3*g**2 - g + 1. Let u(d) = -c(d) + 4*i(d). Give u(f).
11
Let s be 1/(-3 + 80/28). Let z(p) = p**2 + 2. Let k(d) = d**3 + 11*d**2 - d + 6. Let l(o) = k(o) - 4*z(o). Calculate l(s).
5
Suppose 2*l - 102 = -l. Suppose 38 = -4*j - l. Let c be 66/j + 1/(-3). Let q(t) = -t**3 - 4*t**2 + 3*t + 2. Calculate q(c).
-10
Suppose -13*c + 26 = -45 - 7. Let o(f) be the first derivative of f**3/3 - 4*f**2 + 5*f + 1. Give o(c).
-7
Let w(g) = g**2 + 7*g + 9. Suppose 3*h + 0*h - 39 = 0. Let x be (-1 + 2)*22/1. Suppose -5*q + 5*i - x - h = 0, 2 = -q - 4*i. Determine w(q).
3
Let b(l) = l**2 - 7*l. Let v(g) = g + g**2 - 4*g + 0*g**2 + 2 + 2. Let a be v(4). Determine b(a).
8
Let q(o) = -o**3 - 4*o**2 + 2*o + 4. Let c be (2/6)/(6/36). Suppose 6 = -2*f - c. What is q(f)?
-4
Let g(t) = -11*t - 1. Let x(n) = n**3 - 18*n**2 + 17*n + 8. Let z be x(17). Let i = 7 - z. Give g(i).
10
Let m = -25 + 15. Let f = m + 12. Let w(x) = 3*x + 6*x**f - 2*x - 2 + 1 - x**3. Calculate w(6).
5
Let f(v) = -v**3 + 9*v**2 - 2*v + 8. Let w be f(9). Let x = w - -2. Let s be (x/4)/2*5. Let g(q) = -q - 1. Calculate g(s).
4
Let i(x) = 2*x + 3. Let m(g) = -11*g - 14. Let u(c) = -5*i(c) - m(c). What is u(3)?
2
Let c(i) be the second derivative of 11/6*i**3 - 40*i + 3*i**2 + 0 + 11/12*i**4 + 1/20*i**5. Give c(-10).
-4
Let c(k) = k - 1. Let u(x) = -1. Let l(j) = -c(j) + 2*u(j). Let h = -6 + 6. Suppose i + 2*i = -15, -5*d - i - 25 = h. Determine l(d).
3
Let l(r) = 5 + 1394*r**2 - 5*r + 14*r - 1388*r**2. Let o(q) = -q**2 - q. Let a(m) = l(m) + 5*o(m). Give a(-5).
10
Suppose -f - 2*m = -2*f - 4, 4*f + 4 = -4*m. Let o be 4/(-6) + (-28)/18*-3. Let r(s) = 3*s - 8 + o*s**2 + 18 - 7. Give r(f).
13
Let f(y) = y**3 + 7*y**2 - 11*y + 3. Suppose -17*l - 80 = 56. Give f(l).
27
Let p(i) = -2*i + 10. Let m(n) = 4*n - 21. Let z(t) = -6*m(t) - 13*p(t). Let b be (-2091)/(-306) + (-2)/(-12). What is z(b)?
10
Let n(p) be the second derivative of 9*p - 1/90*p**6 + 0 + 0*p**3 + 0*p**2 + 2/3*p**4 + 1/60*p**5. Let m(y) be the third derivative of n(y). What is m(-2)?
18
Let u = 16 - 13. Suppose -u*g = 4*g + 21. Let k(q) = -3*q - 1. What is k(g)?
8
Let x(o) = -17*o**2 - 14 - 12 - 23 + 51. Give x(-2).
-66
Suppose 0 = -4*q + q - 2*h - 24, 5*h - 9 = 4*q. Let v(x) = 3*x + 15. What is v(q)?
-3
Let j(r) be the third derivative of r**5/60 - 5*r**4/24 + r**3/3 -